is -30330230231032 - -20?
-30330230231012
In base 10, what is 3 + -1110595?
-1110592
In base 10, what is -257132 + 89?
-257043
In base 11, what is a - 170a3a6?
-170a397
In base 10, what is -2167 - -95686?
93519
In base 7, what is 1444 + -364341?
-362564
In base 2, what is -10001 - -100011011011101011010101100?
100011011011101011010011011
In base 5, what is 101001 + 233012?
334013
In base 2, what is -1000011 + 1001001001000001000?
1001001000111000101
In base 8, what is -533 + -120612?
-121345
In base 6, what is 233 - -455052?
455325
In base 3, what is 121 + 12122212002101?
12122212002222
In base 16, what is 47d4f - -3c?
47d8b
In base 12, what is 35328a6 + 0?
35328a6
In base 6, what is -1324551 - -4225?
-1320322
In base 13, what is 23a6 - -35c?
2735
In base 11, what is 18 - -2547a79?
2547a96
In base 4, what is -210322030013 + -3?
-210322030022
In base 2, what is 1001011010001110 + -1101000011?
1001001101001011
In base 3, what is -1 - 2210200201011112?
-2210200201011120
In base 5, what is -4340 + -313411?
-323301
In base 5, what is -20 + -2131240113?
-2131240133
In base 2, what is -101001000110101110110110 + 1?
-101001000110101110110101
In base 14, what is 81 - 2a1b8?
-2a137
In base 13, what is 32849cb5 + -1?
32849cb4
In base 6, what is -53 - -211203?
211110
In base 5, what is 3121314403 + -1111?
3121313242
In base 2, what is 1010100011010010010010 + -10010?
1010100011010010000000
In base 9, what is 18304387 + 5?
18304403
In base 9, what is 205304 + 2312?
207616
In base 10, what is -56 - 1949697?
-1949753
In base 14, what is 4 - -35595?
35599
In base 14, what is 31bd + -cdd1?
-9c12
In base 4, what is -123 - 232221132030?
-232221132213
In base 11, what is -6304386 - 44?
-630441a
In base 10, what is 43 - 711900?
-711857
In base 9, what is 35 + 7066778?
7066824
In base 16, what is -7aca + -1a3?
-7c6d
In base 5, what is -222114202 + -102?
-222114304
In base 4, what is -12222013301 + 131?
-12222013110
In base 4, what is 1303313302 - -2211?
1303322113
In base 3, what is -11 + 2011111110010102?
2011111110010021
In base 16, what is -3 + -17f931?
-17f934
In base 3, what is -1 + 10212001120210?
10212001120202
In base 5, what is -431224 - -210342?
-220332
In base 7, what is -40512 + -3625?
-44440
In base 5, what is 112 + 120110411?
120111023
In base 16, what is a - -649812?
64981c
In base 9, what is 13432523 + -3?
13432520
In base 3, what is -1002021 - 2011021012?
-2012100110
In base 4, what is -3102 - -10321102?
10312000
In base 6, what is -150435103 + -32?
-150435135
In base 13, what is 908b1740 - -5?
908b1745
In base 13, what is -22 - -270744?
270722
In base 11, what is -144539 - -50?
-144499
In base 3, what is 2 - 11100101022201?
-11100101022122
In base 5, what is 311 + -241434021?
-241433210
In base 6, what is 231 - -10553244?
10553515
In base 5, what is -23 + -230032402?
-230032430
In base 10, what is 779503834 - 1?
779503833
In base 6, what is 3 + 553511411?
553511414
In base 16, what is -26e5 + -e7a?
-355f
In base 9, what is 11211 + -682?
10418
In base 7, what is 4553151 + -26?
4553122
In base 5, what is -11124 - 2214?
-13343
In base 16, what is -1a + 3e174?
3e15a
In base 7, what is -414115531 + 2?
-414115526
In base 4, what is -13122203 + 300?
-13121303
In base 4, what is -31330331110111 - 0?
-31330331110111
In base 11, what is 2 - 2133505?
-2133503
In base 11, what is -183 + 417032?
41695a
In base 4, what is -1320332323 + 0?
-1320332323
In base 15, what is e38e + -3e70?
a41e
In base 6, what is 2303412 - -30330?
2334142
In base 15, what is ed04 - 156?
eb9d
In base 4, what is -30203012221 - 122?
-30203013003
In base 7, what is -12 - 55404206?
-55404221
In base 11, what is -46 - 462559?
-4625a4
In base 2, what is 101011101011110010011 - 10001011111?
101011101001100110100
In base 8, what is 3 - 14720553?
-14720550
In base 2, what is -10011 + 100000001110011001111001010?
100000001110011001110110111
In base 6, what is -3031 + 3140012?
3132541
In base 14, what is -9 + 176a6a?
176a61
In base 5, what is -202 + 4012331?
4012124
In base 15, what is -17 + 30107d?
301066
In base 9, what is 26634 - -357?
27102
In base 13, what is 10 + -19a48?
-19a38
In base 11, what is -4081123 + 16?
-4081108
In base 6, what is -10454241 - 1331?
-10500012
In base 14, what is 30b8a229 + 5?
30b8a230
In base 14, what is -569 - 5c093?
-5c61c
In base 3, what is 1100012221 - -2022021?
1102112012
In base 4, what is 0 - 11000221102?
-11000221102
In base 11, what is 12 + 982978?
98298a
In base 11, what is -14471 - -827?
-13745
In base 5, what is -22344110 - -4321?
-22334234
In base 15, what is -2681 + c50?
-1931
In base 6, what is 42101523 - 13?
42101510
In base 10, what is -6230839 + 4?
-6230835
In base 10, what is 31 - -2465179?
2465210
In base 9, what is -1 + 2426230?
2426228
In base 7, what is 1016052 - 612?
1015140
In base 14, what is -6707b - cc?
-67169
In base 6, what is 23423240 - -11?
23423251
In base 6, what is -12 + 304242333?
304242321
In base 2, what is -10010100101010001111 + -100111101?
-10010100101111001100
In base 7, what is -166000355 - -3?
-166000352
In base 13, what is 2 + -1a159021?
-1a15901c
In base 3, what is 1022 + 2222020100?
2222021122
In base 7, what is -11441054 + 14?
-11441040
In base 9, what is -378471 + 80?
-378381
In base 10, what is 0 + -1794162?
-1794162
In base 3, what is 22101220112200010 + -20?
22101220112122220
In base 3, what is -2021120221000222 + -1?
-2021120221001000
In base 2, what is -11000011 - -111111011111111?
111111000111100
In base 16, what is -239 + 16f100?
16eec7
In base 15, what is 14a94 - 99?
149ea
In base 16, what is afebe - 47a?
afa44
In base 10, what is 5453 - 18526?
-13073
In base 5, what is -221414303 + 2?
-221414301
In base 9, what is -124 - 70000?
-70124
In base 3, what is 20011011 + 2010002022?
2100020110
In base 4, what is 330110210101 - -11?
330110210112
In base 13, what is -c43b8b1 + 1?
-c43b8b0
In base 11, what is -3917922 + 1?
-3917921
In base 12, what is -1 + -1b38a17?
-1b38a18
In base 4, what is 110002100 + 230123?
110232223
In base 3, what is -112222101110112212 - 0?
-112222101110112212
In base 14, what is 8862b - 15db?
87030
In base 5, what is 1000020031300 + -1?
1000020031244
In base 12, what is -2939 - 33b5?
-6132
In base 15, what is -4864 - -1c9a?
-2ab9
In base 10, what is 42870036 + -2?
42870034
In base 12, what is 233ab76 + -6?
233ab70
In base 7, what is -52 - 312400036?
-312400121
In base 2, what is -1101 + -111010110111111111110010?
-111010110111111111111111
In base 10, what is -2308772 - -4?
-2308768
In base 10, what is -2 + -1933804?
-1933806
In base 6, what is 33 + -33553035?
-33553002
In base 15, what is -6e3556 - -1?
-6e3555
In base 7, what is -4 - -5060444?
5060440
In base 3, what is 200222 - -11202011?
12110010
In base 10, what is 62 - -642099?
642161
In base 16, what is -69da0 + -2?
-69da2
In base 3, what is 2212010 - 10021112?
-102102
In base 9, what is -6663 - -506212?
488438
In base 12, what is 0 - a95295?
-a95295
In base 6, what is 5 + 343124433?
343124442
In base 3, what is 2111001 + 100011002010?
100020120011
In base 12, what is 15274b - 487?
152284
In base 13, what is -1 - 1173276?
-1173277
In base 11, what is -222 + -680635?
-680857
In base 11, what is 28 - 145193?
-145166
In base 5, what is -300030 - -133304?
-111221
In base 8, what is 240 - -105350?
105610
In base 8, what is 2150 - -62316?
64466
In base 12, what is -1269 + 4394?
3127
In base 7, what is 1603166626 + 2?
1603166631
In base 7, what is -66520446 + 26?
-66520420
In base 12, what is -5 - 206884?
-206889
In base 12, what is 2 + 37a8284?
37a8286
In base 15, what is 1422 + -9035?
-7b13
In base 15, what is -1b - -1046009?
1045edd
In base 12, what is 115384134 + 0?
115384134
In base 8, what is 1111302 - 20?
1111262
In base 10, what is 430340 + -11?
430329
In base 16, what is 3 + 32e2f5?
32e2f8
In base 7, what is 33151133 - 1?
33151132
In base 2, what is 100110010010101100000 + 1101101?
100110010010111001101
In base 11, what is -627171 - -404?
-626868
In base 9, what is -4 + -44734146?
-44734151
In base 12, what is -7 - 1493048?
-1493053
In base 7, what is 10161443102 + -5?
10161443064
In base 4, what is 112033120210 + -10?
112033120200
In base 8, what is -324 + 20601447?
20601123
In base 4, what is 21220000 - -2120?
21222120
In base 